= -245 + 448. What is the hundreds digit of f?
2
Let h be (-18)/(-8) - (-9)/12. Let l(s) = 7*s - 4. What is the tens digit of l(h)?
1
Suppose 0*p - 28 = -4*p. Let s = 1 - p. Let f(j) = -j**2 - 7*j - 2. What is the units digit of f(s)?
4
Suppose 4*k - 78 = 3*k. Suppose 2*z + z = -k. Let s = -16 - z. What is the tens digit of s?
1
Suppose 2*x - 4 = 6. Suppose -r + 3 = j, -23 = -3*r + x*j + 2. What is the units digit of r?
5
Suppose 3*j = 0, 0 = -5*s - 2*j + 6*j. Suppose 3*q + 6 = -s*q. What is the units digit of (0 - q) + (-2 - -2)?
2
What is the tens digit of (-8)/(-20) - (-643)/5?
2
Let y(i) = 12*i**2 - 4*i + 4. What is the tens digit of y(5)?
8
What is the units digit of 48 + (-1 - 2) - -1?
6
Let r = -14 + 9. Suppose 11 = 3*t - 34. What is the tens digit of (-29 + -1)*r/t?
1
Suppose 0*l + 22 = 3*l + 5*d, 0 = 2*l - 4*d. Let y be l/6 + (-122)/(-6). Suppose 4*r - y = 3. What is the units digit of r?
6
Let p(r) = 30*r**2 - 2*r + 1. What is the units digit of p(1)?
9
Let x(k) = -6*k - 1. Let g be x(4). Let j = -14 - g. What is the tens digit of j?
1
Suppose 5*i - 64 - 332 = 2*m, -i = -m - 81. What is the units digit of i?
8
Let w = 13 + -18. Let r(u) = -u - 7. Let c be r(w). Let l = 3 - c. What is the units digit of l?
5
Let z(c) = c**3 - 3*c**2 + 3*c - 1. What is the units digit of z(4)?
7
Let o = -13 - -281. What is the hundreds digit of o?
2
Let a(t) = t**3 - 2*t**2 - 6*t. What is the units digit of a(5)?
5
Let k(c) = c**3 - 9*c**2 - 9*c - 14. Let u = 5 - -5. Let p be k(u). What is the units digit of (-7)/p + (-1)/(-4)?
2
Let w(r) = r**3 - 9*r**2 + 4*r - 30. What is the units digit of w(9)?
6
Let q be (-1*10)/((-2)/4). Let v be (q/(-12))/(1/(-33)). Suppose v = 5*h - 0*h. What is the tens digit of h?
1
Let f(z) = 2*z + 19. What is the units digit of f(-8)?
3
Suppose -6*q = -4*q + 104. Let f = q - -78. What is the units digit of f?
6
Let m be 6/21 + 552/28. Suppose m = -2*p + 7*p. What is the units digit of p?
4
Suppose -5*l + 1 - 11 = 0, 5*l + 10 = 4*r. Suppose 4*u = -r + 4, -2*b = u - 29. What is the units digit of b?
4
Let o(n) = -2*n - 1. Let v(r) = -3*r - 2. Let b(k) = 5*o(k) - 4*v(k). What is the tens digit of b(11)?
2
Let p = 3 - 2. What is the units digit of 2 - (1 - 17 - p)?
9
Let l(w) = -w**2 - 9*w - 12. Let y be l(-8). What is the units digit of -1*(-3 - y) - -9?
8
Let i(n) = n**2 + 2*n + 4. Let h be i(-2). What is the units digit of (-53)/(3*h/(-12))?
3
What is the units digit of 4 + (-2 - 0) - -164?
6
Let a = 10 + 43. What is the tens digit of a?
5
Let f(l) = -l**3 - l. Let x(y) = 3*y**3 + 3*y**2 + 3*y - 3. Let v(c) = -2*f(c) - x(c). Let p = -1 + -2. What is the units digit of v(p)?
6
Let w(x) = x**2 - 7*x + 10. Let n be w(6). Suppose 5*j + 17 = n*i + 72, -5*j - i = -30. What is the units digit of j?
7
Let r be (2/(-5))/(5/(-100)). What is the tens digit of 35/10*r/2?
1
Suppose -6*v - 2*h + 6 = -4*v, -5*v + h = -3. What is the tens digit of (0 + -1)*(-11)/v?
1
Let i = -1 + 6. Suppose i*p + m = -0*m, 14 = -p - 3*m. Let x(y) = 16*y**3 - 2*y**2 + 2*y - 1. What is the tens digit of x(p)?
1
Suppose -3*h - 4*y - 1 = -2*h, 2*h - 20 = 3*y. Suppose -4*b + 5*z = -h - 31, -3*b + 23 = -z. What is the units digit of (-2)/7 - (-30)/b?
4
Let x(n) = 7*n**3 + 5*n**2 - 5*n + 8. Let k(p) = -3*p**3 - 3*p**2 + 3*p - 4. Let r(d) = 5*k(d) + 2*x(d). What is the units digit of r(-6)?
2
Let q(z) = -9*z + 22. What is the tens digit of q(-6)?
7
Let g = -1 + -1. Let x be (g + 1)*(-204)/2. What is the units digit of x/27 - 4/(-18)?
4
Suppose 5*n = 3*n + 8. Suppose -2*u - u = d - n, 4*d - 30 = -5*u. What is the units digit of d?
0
Let c = 9 - 1. What is the units digit of c?
8
Suppose 0*s = -3*s + 9. Suppose -w = -s - 3. What is the units digit of (w/(-1))/((-6)/8)?
8
Let h(v) = -v**3 - v**2 + v + 3. Let q be h(0). Suppose -q*a = -28 - 35. What is the tens digit of ((-48)/(-10))/(a/70)?
1
Suppose -6*b - 58 = -316. What is the tens digit of b?
4
Suppose 4*v - 5*v + 3 = 0. Let g(z) = 5*z**2 + 1. What is the tens digit of g(v)?
4
Let j = 20 + -12. What is the units digit of j?
8
Let a(w) = 4*w + 8. What is the units digit of a(6)?
2
Suppose 2*h - 7 = 5. Let f = h + -5. What is the units digit of f?
1
What is the units digit of 4 + 1 + -4 - -6?
7
Let t(c) = c**2 - 2*c + 1. Let y be t(2). Suppose -v + 14 - y = -4*f, -2*v = 3*f - 26. Suppose -5*r + 12 = -v. What is the units digit of r?
5
Suppose -2*a + 11*a - 1917 = 0. What is the hundreds digit of a?
2
Suppose 0 = -l + 37 + 3. What is the units digit of l?
0
What is the tens digit of (5 - 6/1)*-29?
2
Suppose 16 = -4*r, -3*n + 0*r - 2*r - 14 = 0. What is the units digit of -3*(n - -1) - -2?
5
Suppose -3*z = -2*z - 3, 16 = 2*v + 4*z. Let d(m) = 4 + 3*m - v - 1 + m**2. What is the units digit of d(-4)?
5
Let l(c) = -249*c**3 + 1. Let x be l(-1). Suppose 3*t = -94 + x. What is the units digit of t?
2
Let y be (-8)/6*3/(-2). Suppose -3*d = 2*d - 3*j - 34, 4*j = y*d - 22. Suppose -33 = -d*u - s, -18 = 3*u - 4*u - 4*s. What is the units digit of u?
6
Suppose -32 - 4 = -4*m. What is the units digit of m?
9
Let n = -6 - -9. Let x be (288/(-15))/n*-5. Suppose 4*z = 5*g - 31 - 7, 0 = 5*g - z - x. What is the units digit of g?
6
Let m = 3 + 1. Let y(i) = 0*i - i + 7*i - 4*i + 1. What is the units digit of y(m)?
9
Let b = -23 - 10. Let w = -7 - b. Let a = w + -12. What is the tens digit of a?
1
What is the tens digit of (-2 + 558)*3/4?
1
Let a = 370 - 201. What is the tens digit of a?
6
Let n = -8 + 9. What is the units digit of n/(-4) + 138/8?
7
Let d(q) = q + 11. Let h(f) = 3*f + 33. Let u(p) = -8*d(p) + 3*h(p). What is the units digit of u(-9)?
2
Let o = -10 + 11. Let z = o - -5. What is the units digit of z?
6
Let t(b) = -b**2 - 9*b - 1. Suppose 4*a + 6 = -z - 9, 0 = 3*a + 6. What is the units digit of t(z)?
3
Let y(o) = 9*o**2 + o - 2. Suppose 3 = 4*r - 5, 2*r = 2*v. Let n be y(v). Suppose -2*g = -n + 4. What is the units digit of g?
6
Suppose -5*r + 124 = -t + 4*t, -4*t - 8 = 0. Suppose k + y = -y - 18, -2*y = 2*k + r. Let f = 20 + k. What is the tens digit of f?
1
Suppose 6*o - 4 = 2*o. Let w(i) = 12*i**3 - i**2. What is the units digit of w(o)?
1
Let o(s) = -2*s - 2 + s + 3 - 4. What is the units digit of o(-4)?
1
Let n = -17 + 26. What is the units digit of ((-15)/n)/(1/(-6))?
0
Let u = -36 + 83. What is the units digit of u?
7
What is the units digit of 4/(((-40)/156)/(-5))?
8
Let g = 7 + -3. Suppose -h + 14 - 12 = 0. Suppose -h*a + 0 = -g. What is the units digit of a?
2
Let v = -1 + 5. Suppose 2*t = 4*k - 8, 4*k - 3*k = 2*t - v. Suppose -2*r + y + 11 = 0, t*r + 19 = -5*y + 6. What is the units digit of r?
3
Let m(x) = -x**2 + x + 2. What is the units digit of m(0)?
2
Let v(h) = -h - 5. Let z be v(0). Let n(i) = -i**2 - 8*i - 7. What is the units digit of n(z)?
8
Let w be -1*(-3)/(6/(-4)). Let a be (-6)/(-2 + (-2)/w). Suppose -13 + a = -p. What is the units digit of p?
7
What is the tens digit of 15/(-30) + 86/8*6?
6
Let r = 0 + 10. Suppose -2*d + 7*d + r = 0. Let b = d + 6. What is the units digit of b?
4
What is the units digit of -1 + (5 - 54/(-6))?
3
Let l = -8 - -27. What is the units digit of l?
9
Suppose 5*d + 25 = 0, d - 13 = -v - 0*d. What is the units digit of v?
8
Let d be 7*(-3 + (2 - -2)). Let w = d + -4. What is the units digit of w?
3
Let p(r) = -1 + 7 + 6*r - 3*r. Let o be p(-8). Let i = o - -28. What is the units digit of i?
0
Suppose -3*o - 7 = -2*q + 399, -203 = -q - 4*o. What is the hundreds digit of q?
2
Suppose 3*n - 30 - 36 = 0. What is the tens digit of n?
2
Let o(g) = 9*g - 1. Let u be o(1). Let a = -7 + u. What is the units digit of a?
1
Suppose 0 = 5*v + 2 + 3. Let a = v + 1. Suppose 35 = 5*k - a*k. What is the units digit of k?
7
Let k(t) = -2 + 2*t + t**3 - 2*t**2 - 4 + 4. Suppose q - 3*q = -4. What is the units digit of k(q)?
2
What is the tens digit of -2*(-2)/(-4) - -110?
0
Let q(r) = r**3 - 5*r**2 + r - 4. Let c be q(5). Suppose 0 + c = j. What is the units digit of j?
1
Let k be (0/(-5 - -2))/2. Let v(g) = -g + 32. What is the units digit of v(k)?
2
Suppose 17 - 5 = 4*q. Suppose -5*f = 4*u - 6, q*u + 1 - 4 = -3*f. Suppose -f*t = 2*t - 4. What is the units digit of t?
1
Suppose -a - 2*a = -3. Let q be ((-2)/2)/(a/(-5)). Suppose 4*r = -q + 29. What is the units digit of r?
6
Let r(v)